[INFO] fetching crate orbclient_window_shortcuts 0.1.5...
[INFO] checking orbclient_window_shortcuts-0.1.5 against master#9610dfe5a9a731ced1ea4923ecbd0c57fe367898 for beta-170-4
[INFO] extracting crate orbclient_window_shortcuts 0.1.5 into /workspace/builds/worker-1-tc1/source
[INFO] validating manifest of crates.io crate orbclient_window_shortcuts 0.1.5 on toolchain 9610dfe5a9a731ced1ea4923ecbd0c57fe367898
[INFO] running `Command { std: CARGO_HOME="/workspace/cargo-home" RUSTUP_HOME="/workspace/rustup-home" "/workspace/cargo-home/bin/cargo" "+9610dfe5a9a731ced1ea4923ecbd0c57fe367898" "metadata" "--manifest-path" "Cargo.toml" "--no-deps", kill_on_drop: false }`
[INFO] started tweaking crates.io crate orbclient_window_shortcuts 0.1.5
[INFO] finished tweaking crates.io crate orbclient_window_shortcuts 0.1.5
[INFO] tweaked toml for crates.io crate orbclient_window_shortcuts 0.1.5 written to /workspace/builds/worker-1-tc1/source/Cargo.toml
[INFO] running `Command { std: CARGO_HOME="/workspace/cargo-home" RUSTUP_HOME="/workspace/rustup-home" __CARGO_TEST_CHANNEL_OVERRIDE_DO_NOT_USE_THIS="nightly" "/workspace/cargo-home/bin/cargo" "+9610dfe5a9a731ced1ea4923ecbd0c57fe367898" "generate-lockfile" "--manifest-path" "Cargo.toml" "-Zno-index-update", kill_on_drop: false }`
[INFO] running `Command { std: CARGO_HOME="/workspace/cargo-home" RUSTUP_HOME="/workspace/rustup-home" "/workspace/cargo-home/bin/cargo" "+9610dfe5a9a731ced1ea4923ecbd0c57fe367898" "fetch" "--manifest-path" "Cargo.toml", kill_on_drop: false }`
[INFO] running `Command { std: "docker" "create" "-v" "/var/lib/crater-agent-workspace/builds/worker-1-tc1/target:/opt/rustwide/target:rw,Z" "-v" "/var/lib/crater-agent-workspace/builds/worker-1-tc1/source:/opt/rustwide/workdir:ro,Z" "-v" "/var/lib/crater-agent-workspace/cargo-home:/opt/rustwide/cargo-home:ro,Z" "-v" "/var/lib/crater-agent-workspace/rustup-home:/opt/rustwide/rustup-home:ro,Z" "-e" "SOURCE_DIR=/opt/rustwide/workdir" "-e" "CARGO_TARGET_DIR=/opt/rustwide/target" "-e" "CARGO_HOME=/opt/rustwide/cargo-home" "-e" "RUSTUP_HOME=/opt/rustwide/rustup-home" "-w" "/opt/rustwide/workdir" "-m" "1610612736" "--user" "0:0" "--network" "none" "ghcr.io/rust-lang/crates-build-env/linux@sha256:19e73879b68f455e41552ea35293514db52ea292d993f571636dbffedb77a1ee" "/opt/rustwide/cargo-home/bin/cargo" "+9610dfe5a9a731ced1ea4923ecbd0c57fe367898" "metadata" "--no-deps" "--format-version=1", kill_on_drop: false }`
[INFO] [stdout] 9440d9d40552903f074606ad14f9b24586862458447e4bbe0e8455294329657f
[INFO] running `Command { std: "docker" "start" "-a" "9440d9d40552903f074606ad14f9b24586862458447e4bbe0e8455294329657f", kill_on_drop: false }`
[INFO] running `Command { std: "docker" "inspect" "9440d9d40552903f074606ad14f9b24586862458447e4bbe0e8455294329657f", kill_on_drop: false }`
[INFO] running `Command { std: "docker" "rm" "-f" "9440d9d40552903f074606ad14f9b24586862458447e4bbe0e8455294329657f", kill_on_drop: false }`
[INFO] [stdout] 9440d9d40552903f074606ad14f9b24586862458447e4bbe0e8455294329657f
[INFO] running `Command { std: "docker" "create" "-v" "/var/lib/crater-agent-workspace/builds/worker-1-tc1/target:/opt/rustwide/target:rw,Z" "-v" "/var/lib/crater-agent-workspace/builds/worker-1-tc1/source:/opt/rustwide/workdir:ro,Z" "-v" "/var/lib/crater-agent-workspace/cargo-home:/opt/rustwide/cargo-home:ro,Z" "-v" "/var/lib/crater-agent-workspace/rustup-home:/opt/rustwide/rustup-home:ro,Z" "-e" "SOURCE_DIR=/opt/rustwide/workdir" "-e" "CARGO_TARGET_DIR=/opt/rustwide/target" "-e" "CARGO_INCREMENTAL=0" "-e" "RUST_BACKTRACE=full" "-e" "RUSTFLAGS=--cap-lints=forbid" "-e" "RUSTDOCFLAGS=--cap-lints=forbid" "-e" "CARGO_HOME=/opt/rustwide/cargo-home" "-e" "RUSTUP_HOME=/opt/rustwide/rustup-home" "-w" "/opt/rustwide/workdir" "-m" "1610612736" "--user" "0:0" "--network" "none" "ghcr.io/rust-lang/crates-build-env/linux@sha256:19e73879b68f455e41552ea35293514db52ea292d993f571636dbffedb77a1ee" "/opt/rustwide/cargo-home/bin/cargo" "+9610dfe5a9a731ced1ea4923ecbd0c57fe367898" "check" "--frozen" "--all" "--all-targets" "--message-format=json", kill_on_drop: false }`
[INFO] [stdout] b6fb9f145f7af409bbecc747a0974916041a7b1cda9c6a1c5687892ebfe4f07b
[INFO] running `Command { std: "docker" "start" "-a" "b6fb9f145f7af409bbecc747a0974916041a7b1cda9c6a1c5687892ebfe4f07b", kill_on_drop: false }`
[INFO] [stderr]    Compiling cfg-if v1.0.0
[INFO] [stderr]    Compiling version-compare v0.1.1
[INFO] [stderr]    Compiling libc v0.2.144
[INFO] [stderr]    Compiling sdl2 v0.35.2
[INFO] [stderr]    Compiling serde v1.0.163
[INFO] [stderr]     Checking bitflags v1.3.2
[INFO] [stderr]    Compiling serde_json v1.0.96
[INFO] [stderr]    Compiling orbclient v0.3.45
[INFO] [stderr]     Checking ryu v1.0.13
[INFO] [stderr]     Checking itoa v1.0.6
[INFO] [stderr]    Compiling syn v2.0.18
[INFO] [stderr]    Compiling sdl2-sys v0.35.2
[INFO] [stderr]    Compiling serde_derive v1.0.163
[INFO] [stderr]     Checking orbclient_window_shortcuts v0.1.5 (/opt/rustwide/workdir)
[INFO] [stdout] warning: unused import: `serde`
[INFO] [stdout]  --> src/shortcut.rs:1:5
[INFO] [stdout]   |
[INFO] [stdout] 1 | use serde;
[INFO] [stdout]   |     ^^^^^
[INFO] [stdout]   |
[INFO] [stdout]   = note: `#[warn(unused_imports)]` on by default
[INFO] [stdout] 
[INFO] [stdout] 
[INFO] [stdout] warning: unused import: `serde_json`
[INFO] [stdout]  --> src/shortcut.rs:2:5
[INFO] [stdout]   |
[INFO] [stdout] 2 | use serde_json;
[INFO] [stdout]   |     ^^^^^^^^^^
[INFO] [stdout] 
[INFO] [stdout] 
[INFO] [stdout] warning: unused import: `serde_derive`
[INFO] [stdout]  --> src/shortcut.rs:4:5
[INFO] [stdout]   |
[INFO] [stdout] 4 | use serde_derive;
[INFO] [stdout]   |     ^^^^^^^^^^^^
[INFO] [stdout] 
[INFO] [stdout] 
[INFO] [stdout] warning: unused imports: `Error`, `Result`
[INFO] [stdout]  --> src/utils.rs:3:26
[INFO] [stdout]   |
[INFO] [stdout] 3 | use std::io::{BufReader, Error, Result};
[INFO] [stdout]   |                          ^^^^^  ^^^^^^
[INFO] [stdout] 
[INFO] [stdout] 
[INFO] [stdout] warning: unused import: `serde`
[INFO] [stdout]  --> src/utils.rs:4:5
[INFO] [stdout]   |
[INFO] [stdout] 4 | use serde;
[INFO] [stdout]   |     ^^^^^
[INFO] [stdout] 
[INFO] [stdout] 
[INFO] [stdout] warning: unused import: `serde_json`
[INFO] [stdout]  --> src/utils.rs:5:5
[INFO] [stdout]   |
[INFO] [stdout] 5 | use serde_json;
[INFO] [stdout]   |     ^^^^^^^^^^
[INFO] [stdout] 
[INFO] [stdout] 
[INFO] [stdout] warning: unused import: `serde_derive`
[INFO] [stdout]  --> src/utils.rs:6:5
[INFO] [stdout]   |
[INFO] [stdout] 6 | use serde_derive;
[INFO] [stdout]   |     ^^^^^^^^^^^^
[INFO] [stdout] 
[INFO] [stdout] 
[INFO] [stdout] warning: unused import: `shortcut::ShortcutComparator`
[INFO] [stdout]  --> src/utils.rs:7:5
[INFO] [stdout]   |
[INFO] [stdout] 7 | use shortcut::ShortcutComparator;
[INFO] [stdout]   |     ^^^^^^^^^^^^^^^^^^^^^^^^^^^^
[INFO] [stdout] 
[INFO] [stdout] 
[INFO] [stdout] warning: unused import: `load`
[INFO] [stdout]   --> src/lib.rs:15:13
[INFO] [stdout]    |
[INFO] [stdout] 15 | use utils::{load};
[INFO] [stdout]    |             ^^^^
[INFO] [stdout] 
[INFO] [stdout] 
[INFO] [stdout] warning: unused import: `std::fmt::Debug`
[INFO] [stdout]   --> src/lib.rs:17:5
[INFO] [stdout]    |
[INFO] [stdout] 17 | use std::fmt::Debug;
[INFO] [stdout]    |     ^^^^^^^^^^^^^^^
[INFO] [stdout] 
[INFO] [stdout] 
[INFO] [stdout] warning: unused imports: `Eq`, `PartialEq`
[INFO] [stdout]   --> src/lib.rs:18:16
[INFO] [stdout]    |
[INFO] [stdout] 18 | use std::cmp::{PartialEq, Eq};
[INFO] [stdout]    |                ^^^^^^^^^  ^^
[INFO] [stdout] 
[INFO] [stdout] 
[INFO] [stdout] warning: unused imports: `EventOption`, `Window`
[INFO] [stdout]   --> src/lib.rs:19:17
[INFO] [stdout]    |
[INFO] [stdout] 19 | use orbclient::{Window, EventOption};
[INFO] [stdout]    |                 ^^^^^^  ^^^^^^^^^^^
[INFO] [stdout] 
[INFO] [stdout] 
[INFO] [stdout] warning: unused import: `serde`
[INFO] [stdout]  --> src/shortcut.rs:1:5
[INFO] [stdout]   |
[INFO] [stdout] 1 | use serde;
[INFO] [stdout]   |     ^^^^^
[INFO] [stdout]   |
[INFO] [stdout]   = note: `#[warn(unused_imports)]` on by default
[INFO] [stdout] 
[INFO] [stdout] 
[INFO] [stdout] warning: unused import: `serde_json`
[INFO] [stdout]  --> src/shortcut.rs:2:5
[INFO] [stdout]   |
[INFO] [stdout] 2 | use serde_json;
[INFO] [stdout]   |     ^^^^^^^^^^
[INFO] [stdout] 
[INFO] [stdout] 
[INFO] [stdout] warning: unused import: `serde_derive`
[INFO] [stdout]  --> src/shortcut.rs:4:5
[INFO] [stdout]   |
[INFO] [stdout] 4 | use serde_derive;
[INFO] [stdout]   |     ^^^^^^^^^^^^
[INFO] [stdout] 
[INFO] [stdout] 
[INFO] [stdout] warning: unused imports: `Error`, `Result`
[INFO] [stdout]  --> src/utils.rs:3:26
[INFO] [stdout]   |
[INFO] [stdout] 3 | use std::io::{BufReader, Error, Result};
[INFO] [stdout]   |                          ^^^^^  ^^^^^^
[INFO] [stdout] 
[INFO] [stdout] 
[INFO] [stdout] warning: unused import: `serde`
[INFO] [stdout]  --> src/utils.rs:4:5
[INFO] [stdout]   |
[INFO] [stdout] 4 | use serde;
[INFO] [stdout]   |     ^^^^^
[INFO] [stdout] 
[INFO] [stdout] 
[INFO] [stdout] warning: unused import: `serde_json`
[INFO] [stdout]  --> src/utils.rs:5:5
[INFO] [stdout]   |
[INFO] [stdout] 5 | use serde_json;
[INFO] [stdout]   |     ^^^^^^^^^^
[INFO] [stdout] 
[INFO] [stdout] 
[INFO] [stdout] warning: unused import: `serde_derive`
[INFO] [stdout]  --> src/utils.rs:6:5
[INFO] [stdout]   |
[INFO] [stdout] 6 | use serde_derive;
[INFO] [stdout]   |     ^^^^^^^^^^^^
[INFO] [stdout] 
[INFO] [stdout] 
[INFO] [stdout] warning: unused import: `shortcut::ShortcutComparator`
[INFO] [stdout]  --> src/utils.rs:7:5
[INFO] [stdout]   |
[INFO] [stdout] 7 | use shortcut::ShortcutComparator;
[INFO] [stdout]   |     ^^^^^^^^^^^^^^^^^^^^^^^^^^^^
[INFO] [stdout] 
[INFO] [stdout] 
[INFO] [stdout] warning: unused import: `load`
[INFO] [stdout]   --> src/lib.rs:15:13
[INFO] [stdout]    |
[INFO] [stdout] 15 | use utils::{load};
[INFO] [stdout]    |             ^^^^
[INFO] [stdout] 
[INFO] [stdout] 
[INFO] [stdout] warning: unused import: `std::fmt::Debug`
[INFO] [stdout]   --> src/lib.rs:17:5
[INFO] [stdout]    |
[INFO] [stdout] 17 | use std::fmt::Debug;
[INFO] [stdout]    |     ^^^^^^^^^^^^^^^
[INFO] [stdout] 
[INFO] [stdout] 
[INFO] [stdout] warning: unused imports: `Eq`, `PartialEq`
[INFO] [stdout]   --> src/lib.rs:18:16
[INFO] [stdout]    |
[INFO] [stdout] 18 | use std::cmp::{PartialEq, Eq};
[INFO] [stdout]    |                ^^^^^^^^^  ^^
[INFO] [stdout] 
[INFO] [stdout] 
[INFO] [stdout] warning: unused imports: `EventOption`, `Window`
[INFO] [stdout]   --> src/lib.rs:19:17
[INFO] [stdout]    |
[INFO] [stdout] 19 | use orbclient::{Window, EventOption};
[INFO] [stdout]    |                 ^^^^^^  ^^^^^^^^^^^
[INFO] [stdout] 
[INFO] [stdout] 
[INFO] [stdout] error[E0635]: unknown feature `vec_remove_item`
[INFO] [stdout]  --> src/lib.rs:3:29
[INFO] [stdout]   |
[INFO] [stdout] 3 | #![feature(type_ascription, vec_remove_item)]
[INFO] [stdout]   |                             ^^^^^^^^^^^^^^^
[INFO] [stdout] 
[INFO] [stdout] 
[INFO] [stdout] error[E0635]: unknown feature `vec_remove_item`
[INFO] [stdout]  --> src/lib.rs:3:29
[INFO] [stdout]   |
[INFO] [stdout] 3 | #![feature(type_ascription, vec_remove_item)]
[INFO] [stdout]   |                             ^^^^^^^^^^^^^^^
[INFO] [stdout] 
[INFO] [stdout] 
[INFO] [stdout] error[E0599]: no method named `remove_item` found for struct `Vec<u8>` in the current scope
[INFO] [stdout]   --> src/lib.rs:75:26
[INFO] [stdout]    |
[INFO] [stdout] 75 |             self.pressed.remove_item(&key_event.scancode);
[INFO] [stdout]    |                          ^^^^^^^^^^^ help: there is a method with a similar name: `remove`
[INFO] [stdout] 
[INFO] [stdout] 
[INFO] [stdout] error[E0599]: no method named `remove_item` found for struct `Vec<u8>` in the current scope
[INFO] [stdout]   --> src/lib.rs:75:26
[INFO] [stdout]    |
[INFO] [stdout] 75 |             self.pressed.remove_item(&key_event.scancode);
[INFO] [stdout]    |                          ^^^^^^^^^^^ help: there is a method with a similar name: `remove`
[INFO] [stdout] 
[INFO] [stdout] 
[INFO] [stdout] error: aborting due to 2 previous errors; 12 warnings emitted
[INFO] [stdout] 
[INFO] [stdout] 
[INFO] [stdout] error: aborting due to 2 previous errors; 12 warnings emitted
[INFO] [stdout] 
[INFO] [stdout] 
[INFO] [stdout] Some errors have detailed explanations: E0599, E0635.
[INFO] [stdout] 
[INFO] [stdout] Some errors have detailed explanations: E0599, E0635.
[INFO] [stdout] 
[INFO] [stdout] For more information about an error, try `rustc --explain E0599`.
[INFO] [stdout] 
[INFO] [stdout] For more information about an error, try `rustc --explain E0599`.
[INFO] [stdout] 
[INFO] [stderr] error: could not compile `orbclient_window_shortcuts` (lib test) due to 3 previous errors; 12 warnings emitted
[INFO] [stderr] warning: build failed, waiting for other jobs to finish...
[INFO] [stderr] error: could not compile `orbclient_window_shortcuts` (lib) due to 3 previous errors; 12 warnings emitted
[INFO] running `Command { std: "docker" "inspect" "b6fb9f145f7af409bbecc747a0974916041a7b1cda9c6a1c5687892ebfe4f07b", kill_on_drop: false }`
[INFO] running `Command { std: "docker" "rm" "-f" "b6fb9f145f7af409bbecc747a0974916041a7b1cda9c6a1c5687892ebfe4f07b", kill_on_drop: false }`
[INFO] [stdout] b6fb9f145f7af409bbecc747a0974916041a7b1cda9c6a1c5687892ebfe4f07b
